rime factors of 934987721.
107, 109, 80167
What are the prime factors of 15658606?
2, 2161, 3623
What are the prime factors of 293646143?
7, 977, 42937
What are the prime factors of 157380293?
7, 22482899
List the prime factors of 72739451.
5051, 14401
What are the prime factors of 28093696?
2, 109741
What are the prime factors of 81205018?
2, 3547, 11447
What are the prime factors of 666546152?
2, 4451, 18719
List the prime factors of 445598975.
5, 59, 317, 953
List the prime factors of 1085404203.
3, 13, 19, 488261
List the prime factors of 88856636.
2, 11, 23, 87803
What are the prime factors of 82854260?
2, 5, 17, 197, 1237
What are the prime factors of 24451761?
3, 71, 114797
List the prime factors of 623676388.
2, 4967, 31391
List the prime factors of 141641789.
19, 103, 157, 461
List the prime factors of 1086174325.
5, 43446973
List the prime factors of 22378083.
3, 7, 13, 81971
What are the prime factors of 58392118?
2, 41, 227, 3137
List the prime factors of 140421379.
7, 20060197
What are the prime factors of 21166375?
5, 29, 5839
What are the prime factors of 87183069?
3, 389, 74707
List the prime factors of 460742698.
2, 13, 17720873
What are the prime factors of 722872377?
3, 26773051
List the prime factors of 14505044.
2, 163, 22247
What are the prime factors of 303912889?
7, 2309, 18803
List the prime factors of 2285164428.
2, 3, 19, 79, 293, 433
What are the prime factors of 141723658?
2, 2833, 25013
List the prime factors of 375390558.
2, 3, 29, 239713
List the prime factors of 450967228.
2, 17, 6631871
List the prime factors of 548788003.
113, 4856531
List the prime factors of 772704361.
11, 13, 5403527
List the prime factors of 78093461.
17, 43, 47, 2273
What are the prime factors of 197486583?
3, 7, 107, 179, 491
List the prime factors of 256845499.
167, 1537997
List the prime factors of 1228809809.
2753, 446353
What are the prime factors of 1736102931?
3, 239, 2421343
List the prime factors of 4065036246.
2, 3, 75278449
List the prime factors of 195492295.
5, 23, 1699933
What are the prime factors of 2233825505?
5, 446765101
What are the prime factors of 68124110?
2, 5, 6812411
List the prime factors of 433250789.
433250789
What are the prime factors of 68399127?
3, 2533301
List the prime factors of 2189074034.
2, 7, 383, 631, 647
What are the prime factors of 7909148687?
11, 211, 3407647
What are the prime factors of 16947382?
2, 67, 126473
What are the prime factors of 2587438381?
11, 167, 449, 3137
List the prime factors of 888268094.
2, 7, 63447721
What are the prime factors of 11674525?
5, 73, 6397
What are the prime factors of 53116522?
2, 23, 1154707
What are the prime factors of 147064309?
7, 569, 36923
List the prime factors of 95044317.
3, 53, 211, 2833
What are the prime factors of 1074835631?
1074835631
List the prime factors of 9749753.
13, 113, 6637
List the prime factors of 30402962.
2, 29, 524189
List the prime factors of 218348335.
5, 191, 228637
What are the prime factors of 1849540?
2, 5, 7, 11, 1201
List the prime factors of 4023176550.
2, 3, 5, 863, 31079
What are the prime factors of 229550055?
3, 5, 7, 312313
List the prime factors of 134001261.
3, 14889029
What are the prime factors of 7510767902?
2, 11, 157, 197683
List the prime factors of 2928217647.
3, 67, 14568247
What are the prime factors of 59645821?
59645821
List the prime factors of 36274073.
11, 17, 193979
What are the prime factors of 386467088?
2, 7, 47, 73417
List the prime factors of 543604462.
2, 421, 645611
What are the prime factors of 1107468585?
3, 5, 83, 98837
List the prime factors of 20960376.
2, 3, 873349
List the prime factors of 1109712972.
2, 3, 92476081
What are the prime factors of 663714388?
2, 165928597
List the prime factors of 242577829.
13, 181, 103093
What are the prime factors of 34396905?
3, 5, 2293127
What are the prime factors of 1273695643?
11, 89, 1301017
What are the prime factors of 720632094?
2, 3, 7, 13, 1319839
What are the prime factors of 61826295?
3, 5, 4121753
List the prime factors of 1212096983.
6701, 180883
What are the prime factors of 639368476?
2, 5039, 31721
List the prime factors of 172880543.
11, 15716413
What are the prime factors of 51348031?
7, 41, 61, 419
What are the prime factors of 32651528?
2, 7, 13, 44851
List the prime factors of 2923871223.
3, 7, 13, 67, 159853
List the prime factors of 1098297637.
617, 1780061
List the prime factors of 305802039.
3, 101934013
List the prime factors of 34096806.
2, 3, 1894267
What are the prime factors of 2375020480?
2, 5, 7, 23, 46099
What are the prime factors of 30863003?
30863003
What are the prime factors of 756310543?
13309, 56827
List the prime factors of 177806187.
3, 13, 1519711
List the prime factors of 192479963.
13, 2063, 7177
List the prime factors of 7699227.
3, 23, 241, 463
List the prime factors of 156828897.
3, 29, 600877
What are the prime factors of 4413816092?
2, 7, 383, 411583
What are the prime factors of 29158908?
2, 3, 1103, 2203
What are the prime factors of 78698034?
2, 3, 1457371
What are the prime factors of 12594459?
3, 67, 62659
List the prime factors of 510641346.
2, 3, 127, 313, 2141
What are the prime factors of 1065956870?
2, 5, 11, 9690517
What are the prime factors of 263278581?
3, 87759527
List the prime factors of 897457921.
897457921
List the prime factors of 1524323.
251, 6073
List the prime factors of 46357564.
2, 11, 1053581
List the prime factors of 130659271.
331, 599, 659
What are the prime factors of 2368314478?
2, 1184157239
What are the prime factors of 146487973?
59, 971, 2557
What are the prime factors of 3831228719?
3831228719
List the prime factors of 35666581.
271, 131611
List the prime factors of 2964510015.
3, 5, 839, 235559
List the prime factors of 40614228.
2, 3, 23, 181, 271
What are the prime factors of 336325808?
2, 7, 13, 32999
What are the prime factors of 2205834834?
2, 3, 7, 3331, 15767
List the prime factors of 3644088034.
2, 53, 34378189
What are the prime factors of 4794449653?
7, 15233, 44963
List the prime factors of 35106021.
3, 71, 18313
What are the prime factors of 565991106?
2, 3, 94331851
What are the prime factors of 4235970542?
2, 19, 111472909
What are the prime factors of 2339565765?
3, 5, 47, 3318533
What are the prime factors of 216585291?
3, 13, 5553469
What are the prime factors of 1288079387?
7, 6581, 27961
List the prime factors of 340801123.
13, 677, 38723
List the prime factors of 202401950.
2, 5, 79, 51241
List the prime factors of 384928308.
2, 3, 47, 75833
List the prime factors of 37639761.
3, 1303, 9629
What are the prime factors of 3190004515?
5, 638000903
What are the prime factors of 1550188376?
2, 11, 17615777
What are the prime factors of 5248010?
2, 5, 524801
What are the prime factors of 650293553?
7, 13, 163, 6263
List the prime factors of 173866369.
103, 647, 2609
List the prime factors of 5355326150.
2, 5, 4397, 24359
List the prime factors of 109451685.
3, 5, 7, 19, 83, 661
List the prime factors of 1406232959.
19, 97, 763013
List the prime factors of 113146545.
3, 5, 23, 29, 43, 263
List the prime factors of 2645137868.
2, 31, 1931, 11047
List the prime factors of 1573522877.
61, 5051, 5107
List the prime factors of 324884194.
2, 162442097
List the prime factors of 108622807.
108622807
What are the prime factors of 897404279?
17, 52788487
List the prime factors of 2666811.
3, 7, 29, 151
What are the prime factors of 62926358?
2, 11, 2860289
What are the prime factors of 207187670?
2, 5, 17, 163, 7477
What are the prime factors of 213525359?
587, 363757
What are the prime factors of 15231162?
2, 3, 2538527
What are the prime factors of 29683953?
3, 13, 37, 6857
List the prime factors of 81862463.
17, 37, 130147
List the prime factors of 2614213059.
3, 19, 37, 1239551
List the prime factors of 19116769.
7, 2730967
What are the prime factors of 115573702?
2, 131, 441121
List the prime factors of 223280480.
2, 5, 941, 1483
List the prime factors of 5642169.
3, 13, 144671
What are the prime factors of 128208993?
3, 11, 3885121
What are the prime factors of 107859829?
7, 11, 97, 2063
What are the prime factors of 352479269?
31, 3041, 3739
What are the prime factors of 23012087?
7, 3287441
What are the prime factors of 979459528?
2, 122432441
Wha